{"id":69,"date":"2026-02-10T10:21:45","date_gmt":"2026-02-10T10:21:45","guid":{"rendered":"https:\/\/blancaparra.fpcei.eu\/?page_id=69"},"modified":"2026-02-25T08:42:48","modified_gmt":"2026-02-25T08:42:48","slug":"programas-y-niveles","status":"publish","type":"page","link":"https:\/\/blancaparra.fpcei.eu\/?page_id=69","title":{"rendered":"Programas y niveles"},"content":{"rendered":"\n<div class=\"wp-block-columns is-layout-flex wp-container-core-columns-is-layout-28f84493 wp-block-columns-is-layout-flex\">\n<div class=\"wp-block-column is-layout-flow wp-block-column-is-layout-flow\">\n<ul class=\"wp-block-list\">\n<li class=\"has-base-color has-contrast-background-color has-text-color has-background has-link-color wp-elements-ef9cc437d3d99015ac9f00806bd759d3\">&#x1f3be; <strong>Escuela infantil<\/strong> (iniciaci\u00f3n, coordinaci\u00f3n, diversi\u00f3n)<\/li>\n\n\n\n<li class=\"has-base-color has-contrast-background-color has-text-color has-background has-link-color wp-elements-ce1d13cb8afe23e06deb80b2ffe4178b\">&#x1f3be; <strong>J\u00f3venes y competici\u00f3n<\/strong> (t\u00e9cnica, t\u00e1ctica, torneos)<\/li>\n\n\n\n<li class=\"has-base-color has-contrast-background-color has-text-color has-background has-link-color wp-elements-1392e655b4e491ab7c561402280fe943\">&#x1f3be; <strong>Adultos<\/strong> (principiantes, intermedios, perfeccionamiento)<\/li>\n\n\n\n<li class=\"has-base-color has-contrast-background-color has-text-color has-background has-link-color wp-elements-ea2c3bcdb9ac70671baa00d434117516\">&#x1f3be; <strong>Alto rendimiento<\/strong> (entrenamiento intensivo y personalizado)<\/li>\n\n\n\n<li class=\"has-base-color has-contrast-background-color has-text-color has-background has-link-color wp-elements-fb6e1bcc79964e70f0e3d3c98f926dd1\">&#x1f3be; <strong>Clases particulares<\/strong> (individual o en pareja)<\/li>\n<\/ul>\n<\/div>\n\n\n\n<div class=\"wp-block-column is-layout-flow wp-block-column-is-layout-flow\">\n<ul class=\"wp-block-list\">\n<li class=\"has-contrast-background-color has-background\">Niveles:<\/li>\n\n\n\n<li class=\"has-contrast-background-color has-background\">Principiante<\/li>\n\n\n\n<li class=\"has-contrast-background-color has-background\">Intermedio<\/li>\n\n\n\n<li class=\"has-contrast-background-color has-background\">Avanzado<\/li>\n\n\n\n<li class=\"has-contrast-background-color has-background\">Competici\u00f3n<\/li>\n<\/ul>\n<\/div>\n<\/div>\n\n\n\n<details class=\"wp-block-details has-contrast-color has-accent-2-background-color has-text-color has-background has-link-color wp-elements-ffdd661facbb3be6fc768831d82d0659 is-layout-flow wp-block-details-is-layout-flow\"><summary>Circuitos para todas las categor\u00edas y del nivel que te asigne tu entrenador, todos lo a\u00f1os tenemos las mismas fechas y se dividen en 3 fases<\/summary>\n<figure class=\"wp-block-image size-large\"><img loading=\"lazy\" decoding=\"async\" width=\"684\" height=\"1024\" src=\"https:\/\/blancaparra.fpcei.eu\/wp-content\/uploads\/2026\/02\/PHOTO-2026-02-01-20-14-39-684x1024.jpg\" alt=\"\" class=\"wp-image-81\" srcset=\"https:\/\/blancaparra.fpcei.eu\/wp-content\/uploads\/2026\/02\/PHOTO-2026-02-01-20-14-39-684x1024.jpg 684w, https:\/\/blancaparra.fpcei.eu\/wp-content\/uploads\/2026\/02\/PHOTO-2026-02-01-20-14-39-200x300.jpg 200w, https:\/\/blancaparra.fpcei.eu\/wp-content\/uploads\/2026\/02\/PHOTO-2026-02-01-20-14-39-768x1150.jpg 768w, https:\/\/blancaparra.fpcei.eu\/wp-content\/uploads\/2026\/02\/PHOTO-2026-02-01-20-14-39.jpg 966w\" sizes=\"auto, (max-width: 684px) 100vw, 684px\" \/><\/figure>\n<\/details>\n\n\n\n<div class=\"wp-block-columns is-layout-flex wp-container-core-columns-is-layout-28f84493 wp-block-columns-is-layout-flex\">\n<div class=\"wp-block-column is-layout-flow wp-block-column-is-layout-flow\" style=\"flex-basis:33.33%\">\n<p class=\"has-text-align-center has-accent-4-color has-accent-1-background-color has-text-color has-background has-link-color wp-elements-509e55c9c968476301cfb49902663595\">Aqu\u00ed podemos observar a nuestro equipo, donde algunos de ellos han estado toda su vida entrenando en nuestro club<\/p>\n<\/div>\n\n\n\n<div class=\"wp-block-column is-layout-flow wp-block-column-is-layout-flow\" style=\"flex-basis:66.66%\">\n<figure class=\"wp-block-image size-large\"><img loading=\"lazy\" decoding=\"async\" width=\"1024\" height=\"768\" src=\"https:\/\/blancaparra.fpcei.eu\/wp-content\/uploads\/2026\/02\/PHOTO-2025-01-11-20-58-43-1-1024x768.jpg\" alt=\"\" class=\"wp-image-80\" srcset=\"https:\/\/blancaparra.fpcei.eu\/wp-content\/uploads\/2026\/02\/PHOTO-2025-01-11-20-58-43-1-1024x768.jpg 1024w, https:\/\/blancaparra.fpcei.eu\/wp-content\/uploads\/2026\/02\/PHOTO-2025-01-11-20-58-43-1-300x225.jpg 300w, https:\/\/blancaparra.fpcei.eu\/wp-content\/uploads\/2026\/02\/PHOTO-2025-01-11-20-58-43-1-768x576.jpg 768w, https:\/\/blancaparra.fpcei.eu\/wp-content\/uploads\/2026\/02\/PHOTO-2025-01-11-20-58-43-1-1536x1152.jpg 1536w, https:\/\/blancaparra.fpcei.eu\/wp-content\/uploads\/2026\/02\/PHOTO-2025-01-11-20-58-43-1.jpg 1600w\" sizes=\"auto, (max-width: 1024px) 100vw, 1024px\" \/><figcaption class=\"wp-element-caption\"><em>Foto tomada por nuestro fot\u00f3grafo profesional <\/em>Paul Zimmer.<\/figcaption><\/figure>\n<\/div>\n<\/div>\n\n\n<iframe loading=\"lazy\" class=\"embed-pdf-viewer\" src=\"https:\/\/blancaparra.fpcei.eu\/wp-content\/uploads\/2026\/02\/itf-reglas-del-tenis.pdf\" height=\"600\" width=\"600\" title=\"Array\"><\/iframe>","protected":false},"excerpt":{"rendered":"<p>Aqu\u00ed podemos observar a nuestro equipo, donde algunos de ellos han estado toda su vida entrenando en nuestro club<\/p>\n","protected":false},"author":2,"featured_media":0,"parent":0,"menu_order":0,"comment_status":"closed","ping_status":"closed","template":"","meta":{"footnotes":""},"class_list":["post-69","page","type-page","status-publish","hentry"],"_links":{"self":[{"href":"https:\/\/blancaparra.fpcei.eu\/index.php?rest_route=\/wp\/v2\/pages\/69","targetHints":{"allow":["GET"]}}],"collection":[{"href":"https:\/\/blancaparra.fpcei.eu\/index.php?rest_route=\/wp\/v2\/pages"}],"about":[{"href":"https:\/\/blancaparra.fpcei.eu\/index.php?rest_route=\/wp\/v2\/types\/page"}],"author":[{"embeddable":true,"href":"https:\/\/blancaparra.fpcei.eu\/index.php?rest_route=\/wp\/v2\/users\/2"}],"replies":[{"embeddable":true,"href":"https:\/\/blancaparra.fpcei.eu\/index.php?rest_route=%2Fwp%2Fv2%2Fcomments&post=69"}],"version-history":[{"count":4,"href":"https:\/\/blancaparra.fpcei.eu\/index.php?rest_route=\/wp\/v2\/pages\/69\/revisions"}],"predecessor-version":[{"id":163,"href":"https:\/\/blancaparra.fpcei.eu\/index.php?rest_route=\/wp\/v2\/pages\/69\/revisions\/163"}],"wp:attachment":[{"href":"https:\/\/blancaparra.fpcei.eu\/index.php?rest_route=%2Fwp%2Fv2%2Fmedia&parent=69"}],"curies":[{"name":"wp","href":"https:\/\/api.w.org\/{rel}","templated":true}]}}