{"id":46,"date":"2026-02-03T10:26:36","date_gmt":"2026-02-03T10:26:36","guid":{"rendered":"https:\/\/blancaparra.fpcei.eu\/?page_id=46"},"modified":"2026-02-21T11:29:55","modified_gmt":"2026-02-21T11:29:55","slug":"biografia","status":"publish","type":"page","link":"https:\/\/blancaparra.fpcei.eu\/?page_id=46","title":{"rendered":"\u00bfQui\u00e9nes somos?"},"content":{"rendered":"\n<p class=\"has-text-align-center has-base-color has-accent-6-background-color has-text-color has-background has-link-color has-literata-font-family has-medium-font-size wp-elements-14bd647fc3d60cb7622c02ffea2b8ce7\" style=\"line-height:1.6\"><strong>Nuestra academia de tenis cuenta con m\u00e1s de 50 a\u00f1os de experiencia formando jugadores en Espa\u00f1a. Durante este tiempo hemos trabajado con tenistas de todos los niveles, desde quienes dan sus primeros pasos hasta jugadores que han llegado a la \u00e9lite del tenis nacional e internacional, dentro del entorno del tenis espa\u00f1ol, como Pablo Carre\u00f1o.<\/strong><\/p>\n\n\n\n<p class=\"has-text-align-center has-base-color has-accent-6-background-color has-text-color has-background has-link-color has-literata-font-family has-medium-font-size wp-elements-c9741fd735fcc680bc20cda71519e85a\" style=\"line-height:1.6\"><strong>Creemos en un tenis basado en el trabajo diario, la pasi\u00f3n y los valores. Nuestra metodolog\u00eda combina la experiencia de toda una vida en las pistas con formas modernas de entrenamiento, siempre adaptadas a cada jugador.<\/strong><\/p>\n\n\n\n<p class=\"has-text-align-center has-base-color has-accent-6-background-color has-text-color has-background has-link-color has-literata-font-family has-medium-font-size wp-elements-ebbbf9a7cf3f5209aac278da372155aa\" style=\"line-height:1.6\"><strong>Contamos con entrenadores con gran recorrido y un ambiente cercano, donde cada alumno se siente acompa\u00f1ado en su evoluci\u00f3n, tanto dentro como fuera de la pista.<\/strong><\/p>\n\n\n\n<p class=\"has-text-align-center has-base-color has-accent-6-background-color has-text-color has-background has-link-color has-literata-font-family has-medium-font-size wp-elements-8c06f1a41c575044cf388ea71348000b\" style=\"line-height:1.6\"><strong>Despu\u00e9s de 50 a\u00f1os, en la <\/strong><mark style=\"background-color:rgba(0, 0, 0, 0)\" class=\"has-inline-color has-contrast-color\">Parra Tennis Academy<\/mark><strong> seguimos con la misma ilusi\u00f3n del primer d\u00eda: Ayudar a cada jugador a sacar su mejor versi\u00f3n y disfrutar del tenis.<\/strong><\/p>\n\n\n\n<div class=\"wp-block-columns is-layout-flex wp-container-core-columns-is-layout-28f84493 wp-block-columns-is-layout-flex\">\n<div class=\"wp-block-column is-layout-flow wp-block-column-is-layout-flow\" style=\"flex-basis:66.66%\">\n<figure class=\"wp-block-image size-full is-resized\"><img loading=\"lazy\" decoding=\"async\" width=\"300\" height=\"168\" src=\"https:\/\/blancaparra.fpcei.eu\/wp-content\/uploads\/2026\/02\/Pablo-Carreno.jpg\" alt=\"\" class=\"wp-image-58\" style=\"aspect-ratio:1.7857444645314633;width:397px;height:auto\"\/><\/figure>\n<\/div>\n\n\n\n<div class=\"wp-block-column is-layout-flow wp-block-column-is-layout-flow\" style=\"flex-basis:33.33%\">\n<pre class=\"wp-block-verse has-text-align-center has-base-color has-accent-6-background-color has-text-color has-background has-link-color has-small-font-size wp-elements-dfd5a8d0462cd3f4ea54484469e53a62\"><strong> Pablo Carre\u00f1o Busta es un tenista profesional espa\u00f1ol. El 11 de septiembre de 2017 entr\u00f3 por primera vez en el Top 10 del ranking ATP tras alcanzar las semifinales del Abierto de Estados Unidos, instancia que repiti\u00f3 en 2020.\u200b<\/strong>  <strong>Y entr\u00f3 a nuestra academia en 2005.<\/strong><\/pre>\n<\/div>\n<\/div>\n\n\n\n<div class=\"wp-block-columns is-layout-flex wp-container-core-columns-is-layout-28f84493 wp-block-columns-is-layout-flex\">\n<div class=\"wp-block-column is-layout-flow wp-block-column-is-layout-flow\" style=\"flex-basis:100%\"><\/div>\n<\/div>\n\n\n\n<p><\/p>\n","protected":false},"excerpt":{"rendered":"<p>Nuestra academia de tenis cuenta con m\u00e1s de 50 a\u00f1os de experiencia formando jugadores en Espa\u00f1a. Durante este tiempo hemos trabajado con tenistas de todos los niveles, desde quienes dan sus primeros pasos hasta jugadores que han llegado a la \u00e9lite del tenis nacional e internacional, dentro del entorno del tenis espa\u00f1ol, como Pablo Carre\u00f1o. [&hellip;]<\/p>\n","protected":false},"author":2,"featured_media":0,"parent":0,"menu_order":0,"comment_status":"closed","ping_status":"closed","template":"","meta":{"footnotes":""},"class_list":["post-46","page","type-page","status-publish","hentry"],"_links":{"self":[{"href":"https:\/\/blancaparra.fpcei.eu\/index.php?rest_route=\/wp\/v2\/pages\/46","targetHints":{"allow":["GET"]}}],"collection":[{"href":"https:\/\/blancaparra.fpcei.eu\/index.php?rest_route=\/wp\/v2\/pages"}],"about":[{"href":"https:\/\/blancaparra.fpcei.eu\/index.php?rest_route=\/wp\/v2\/types\/page"}],"author":[{"embeddable":true,"href":"https:\/\/blancaparra.fpcei.eu\/index.php?rest_route=\/wp\/v2\/users\/2"}],"replies":[{"embeddable":true,"href":"https:\/\/blancaparra.fpcei.eu\/index.php?rest_route=%2Fwp%2Fv2%2Fcomments&post=46"}],"version-history":[{"count":12,"href":"https:\/\/blancaparra.fpcei.eu\/index.php?rest_route=\/wp\/v2\/pages\/46\/revisions"}],"predecessor-version":[{"id":98,"href":"https:\/\/blancaparra.fpcei.eu\/index.php?rest_route=\/wp\/v2\/pages\/46\/revisions\/98"}],"wp:attachment":[{"href":"https:\/\/blancaparra.fpcei.eu\/index.php?rest_route=%2Fwp%2Fv2%2Fmedia&parent=46"}],"curies":[{"name":"wp","href":"https:\/\/api.w.org\/{rel}","templated":true}]}}